e hundreds digit of 462?
4
What is the units digit of 7021?
1
What is the tens digit of 2455?
5
What is the tens digit of 4553?
5
What is the ten thousands digit of 15923?
1
What is the hundreds digit of 34348?
3
What is the hundreds digit of 978?
9
What is the units digit of 12444?
4
What is the tens digit of 28583?
8
What is the hundreds digit of 1365?
3
What is the thousands digit of 1495?
1
What is the tens digit of 39084?
8
What is the thousands digit of 172019?
2
What is the tens digit of 202?
0
What is the units digit of 10147?
7
What is the hundreds digit of 83759?
7
What is the thousands digit of 5593?
5
What is the tens digit of 855?
5
What is the tens digit of 3149?
4
What is the units digit of 22033?
3
What is the tens digit of 832?
3
What is the ten thousands digit of 79378?
7
What is the tens digit of 389?
8
What is the hundreds digit of 72674?
6
What is the thousands digit of 108499?
8
What is the hundreds digit of 19744?
7
What is the hundreds digit of 91676?
6
What is the thousands digit of 10929?
0
What is the thousands digit of 1959?
1
What is the units digit of 207?
7
What is the ten thousands digit of 12314?
1
What is the thousands digit of 48421?
8
What is the units digit of 7442?
2
What is the ten thousands digit of 13011?
1
What is the hundreds digit of 114628?
6
What is the hundreds digit of 1393?
3
What is the tens digit of 62366?
6
What is the ten thousands digit of 23490?
2
What is the hundreds digit of 2140?
1
What is the ten thousands digit of 74958?
7
What is the tens digit of 122039?
3
What is the hundreds digit of 7434?
4
What is the thousands digit of 29586?
9
What is the tens digit of 131230?
3
What is the units digit of 4420?
0
What is the thousands digit of 117398?
7
What is the hundreds digit of 24327?
3
What is the ten thousands digit of 19737?
1
What is the ten thousands digit of 37300?
3
What is the thousands digit of 1690?
1
What is the thousands digit of 109928?
9
What is the units digit of 191?
1
What is the hundreds digit of 23119?
1
What is the tens digit of 5832?
3
What is the hundreds digit of 100650?
6
What is the hundreds digit of 37685?
6
What is the units digit of 13696?
6
What is the hundreds digit of 417?
4
What is the ten thousands digit of 20885?
2
What is the hundreds digit of 48531?
5
What is the units digit of 8312?
2
What is the thousands digit of 18110?
8
What is the thousands digit of 3145?
3
What is the tens digit of 15238?
3
What is the units digit of 79051?
1
What is the thousands digit of 96809?
6
What is the thousands digit of 1401?
1
What is the hundreds digit of 1420?
4
What is the thousands digit of 33241?
3
What is the hundreds digit of 639?
6
What is the hundreds digit of 54426?
4
What is the units digit of 949?
9
What is the thousands digit of 1293?
1
What is the thousands digit of 7097?
7
What is the ten thousands digit of 26523?
2
What is the units digit of 266?
6
What is the thousands digit of 95754?
5
What is the hundreds digit of 3970?
9
What is the tens digit of 9147?
4
What is the tens digit of 433?
3
What is the units digit of 31707?
7
What is the thousands digit of 2494?
2
What is the units digit of 7042?
2
What is the tens digit of 25563?
6
What is the units digit of 2648?
8
What is the units digit of 1395?
5
What is the units digit of 98?
8
What is the units digit of 42756?
6
What is the tens digit of 1611?
1
What is the hundreds digit of 2153?
1
What is the tens digit of 8767?
6
What is the units digit of 4299?
9
What is the thousands digit of 28229?
8
What is the tens digit of 7064?
6
What is the units digit of 844?
4
What is the thousands digit of 3031?
3
What is the hundreds digit of 34037?
0
What is the tens digit of 2988?
8
What is the ten thousands digit of 26503?
2
What is the hundreds digit of 2190?
1
What is the hundreds digit of 588?
5
What is the units digit of 15155?
5
What is the units digit of 777?
7
What is the tens digit of 1557?
5
What is the tens digit of 28540?
4
What is the hundreds digit of 27549?
5
What is the thousands digit of 1636?
1
What is the ten thousands digit of 15235?
1
What is the thousands digit of 59794?
9
What is the units digit of 5180?
0
What is the ten thousands digit of 19469?
1
What is the tens digit of 864?
6
What is the hundreds digit of 700?
7
What is the units digit of 1056?
6
What is the units digit of 8341?
1
What is the hundreds digit of 631?
6
What is the thousands digit of 2194?
2
What is the ten thousands digit of 88099?
8
What is the ten thousands digit of 34789?
3
What is the hundreds digit of 2645?
6
What is the thousands digit of 1970?
1
What is the units digit of 15329?
9
What is the tens digit of 71263?
6
What is the ten thousands digit of 157457?
5
What is the tens digit of 5592?
9
What is the tens digit of 15603?
0
What is the tens digit of 11427?
2
What is the ten thousands digit of 26322?
2
What is the units digit of 5785?
5
What is the tens digit of 12793?
9
What is the thousands digit of 1588?
1
What is the tens digit of 2888?
8
What is the ten thousands digit of 10793?
1
What is the units digit of 8254?
4
What is the hundreds digit of 7566?
5
What is the tens digit of 73512?
1
What is the hundreds digit of 32057?
0
What is the thousands digit of 3317?
3
What is the units digit of 37453?
3
What is the ten thousands digit of 28271?
2
What is the hundreds digit of 1449?
4
What is the thousands digit of 11635?
1
What is the units digit of 1597?
7
What is the hundreds digit of 3335?
3
What is the ten thousands digit of 26583?
2
What is the ten thousands digit of 35474?
3
What is the tens digit of 17794?
9
What is the hundreds digit of 19237?
2
What is the hundreds digit of 5227?
2
What is the tens digit of 5887?
8
What is the units digit of 1613?
3
What is the hundreds digit of 33591?
5
What is the units digit of 31294?
4
What is the units digit of 13052?
2
What is the tens digit of 981?
8
What is the tens digit of 356?
5
What is the tens digit of 57990?
9
What is the hundreds digit of 3734?
7
What is the hundreds digit of 4069?
0
What is the thousands digit of 10858?
0
What is the tens digit of 8595?
9
What is the units digit of 411?
1
What is the thousands digit of 4366?
4
What is the thousands digit of 79301?
9
What is the thousands digit of 3747?
3
What is the tens digit of 2443?
4
What is the units digit of 976?
6
What is the tens digit of 1674?
7
What is the units digit of 487?
7
What is the thousands digit of 19448?
9
What is the tens digit of 98?
9
What is the units digit of 6480?
0
What is the thousands digit of 72842?
2
What is the hundreds digit of 1431?
4
What is the hundreds digit of 4209?
2
What is the tens digit of 13499?
9
What is the hundreds digit of 16543?
5
What is the thousands digit of 61505?
1
What is the hundreds digit of 23834?
8
What is the tens digit of 20703?
0
What is the units digit of 750?
0
What is the tens digit of 9291?
9
What is the units digit of 69647?
7
What is the hundreds digit of 1504?
5
What is the hundreds digit of 1250?
2
What is the tens digit of 971?
7
What is the ten thousands digit of 14300?
1
What is the hundreds digit of 52032?
0
What is the hundreds digit of 231?
2
What is the hundreds digit of 6763?
7
What is the hundreds digit of 1917?
9
What is the hundreds digit of 4712?
7
What is the units digit of 801?
1
What is the hundreds digit of 1439?
4
What is the ten thousands digit of 49269?
4
What is the ten thousands digit of 65366?
6
What is the hundreds digit of 3573?
5
What is the hundreds digit of 12536?
5
What is the tens digit of 10360?
6
What is the tens digit of 1858?
5
What is the units digit of 308?
8
What is the tens digit of 17?
1
What is the units digit of 8500?
0
What is the tens digit of 1299?
9
What is the tens digit of 898?
9
What is the thousands digit of 17334?
7
What is the thousands digit of 1849?
1
What is the units digit of 1668?
8
What is the hundreds digit of 4716?
7
What is the ten thousands digit of 86868?
8
What is the hundreds digit of 3015?
0
What is the tens digit of 370?
7
What is the hundreds digit of 1654?
6
What is the tens digit of 24176?
7
What is the tens digit of 1177?
7
What is the hundreds digit of 1902?
9
What is the units digit of 1069?
9
What is the ten thousands digit of 18063?
1
What is the ten thousand